{"id":957,"date":"2023-03-20T15:39:03","date_gmt":"2023-03-20T15:39:03","guid":{"rendered":"https:\/\/www.mariakieleczawa.pl\/?page_id=957"},"modified":"2023-03-20T15:39:03","modified_gmt":"2023-03-20T15:39:03","slug":"2008-2","status":"publish","type":"page","link":"https:\/\/www.mariakieleczawa.pl\/index.php\/2008-2\/","title":{"rendered":"2008"},"content":{"rendered":"\n<div class=\"wp-block-buttons is-layout-flex wp-block-buttons-is-layout-flex\">\n<div class=\"wp-block-button\"><a class=\"wp-block-button__link wp-element-button\" href=\"https:\/\/www.mariakieleczawa.pl\/index.php\/kuchnia-ukrainska-hotel-mercury-jelenia-gora-2\/\">Kuchnia ukrai\u0144ska &#8211; Hotel Mercury Jelenia G\u00f3ra<\/a><\/div>\n<\/div>\n\n\n\n<div class=\"wp-block-buttons is-layout-flex wp-block-buttons-is-layout-flex\">\n<div class=\"wp-block-button\"><a class=\"wp-block-button__link wp-element-button\" href=\"https:\/\/www.mariakieleczawa.pl\/index.php\/kiermasz-wielkanocny-muzeum-etnograficzne-w-toruniu\/\">Kiermasz wielkanocny &#8211; Muzeum Etnograficzne w Toruniu<\/a><\/div>\n<\/div>\n\n\n\n<div class=\"wp-block-buttons is-layout-flex wp-block-buttons-is-layout-flex\">\n<div class=\"wp-block-button\"><a class=\"wp-block-button__link wp-element-button\" href=\"https:\/\/www.mariakieleczawa.pl\/index.php\/barwy-i-smaki-swiata-palac-paulinum-jelenia-gora\/\">Barwy i smaki \u015bwiata &#8211; Pa\u0142ac Paulinum Jelenia G\u00f3ra<\/a><\/div>\n<\/div>\n\n\n\n<div class=\"wp-block-buttons is-layout-flex wp-block-buttons-is-layout-flex\">\n<div class=\"wp-block-button\"><a class=\"wp-block-button__link wp-element-button\" href=\"https:\/\/www.mariakieleczawa.pl\/index.php\/dni-dziedzictwa-slowianskiego-wesele-slowianskie-warszawa\/\">Dni Dziedzictwa S\u0142owia\u0144skiego &#8211; \u201eWesele s\u0142owia\u0144skie\u201d &#8211; Warszawa<\/a><\/div>\n<\/div>\n","protected":false},"excerpt":{"rendered":"","protected":false},"author":1,"featured_media":0,"parent":0,"menu_order":0,"comment_status":"closed","ping_status":"closed","template":"","meta":{"neve_meta_sidebar":"","neve_meta_container":"","neve_meta_enable_content_width":"","neve_meta_content_width":0,"neve_meta_title_alignment":"","neve_meta_author_avatar":"","neve_post_elements_order":"","neve_meta_disable_header":"","neve_meta_disable_footer":"","neve_meta_disable_title":"","_themeisle_gutenberg_block_has_review":false,"footnotes":""},"class_list":["post-957","page","type-page","status-publish","hentry"],"_links":{"self":[{"href":"https:\/\/www.mariakieleczawa.pl\/index.php\/wp-json\/wp\/v2\/pages\/957","targetHints":{"allow":["GET"]}}],"collection":[{"href":"https:\/\/www.mariakieleczawa.pl\/index.php\/wp-json\/wp\/v2\/pages"}],"about":[{"href":"https:\/\/www.mariakieleczawa.pl\/index.php\/wp-json\/wp\/v2\/types\/page"}],"author":[{"embeddable":true,"href":"https:\/\/www.mariakieleczawa.pl\/index.php\/wp-json\/wp\/v2\/users\/1"}],"replies":[{"embeddable":true,"href":"https:\/\/www.mariakieleczawa.pl\/index.php\/wp-json\/wp\/v2\/comments?post=957"}],"version-history":[{"count":1,"href":"https:\/\/www.mariakieleczawa.pl\/index.php\/wp-json\/wp\/v2\/pages\/957\/revisions"}],"predecessor-version":[{"id":958,"href":"https:\/\/www.mariakieleczawa.pl\/index.php\/wp-json\/wp\/v2\/pages\/957\/revisions\/958"}],"wp:attachment":[{"href":"https:\/\/www.mariakieleczawa.pl\/index.php\/wp-json\/wp\/v2\/media?parent=957"}],"curies":[{"name":"wp","href":"https:\/\/api.w.org\/{rel}","templated":true}]}}