{"id":61,"date":"2020-01-23T18:21:52","date_gmt":"2020-01-23T17:21:52","guid":{"rendered":"https:\/\/demosites.io\/web-agency-gb\/?page_id=61"},"modified":"2023-03-15T15:51:19","modified_gmt":"2023-03-15T15:51:19","slug":"omnie","status":"publish","type":"page","link":"https:\/\/www.mariakieleczawa.pl\/index.php\/omnie\/","title":{"rendered":"O mnie"},"content":{"rendered":"\n<p>Rodzice Marii KIELECZAWY i&nbsp;ich przodkowie wywodz\u0105 si\u0119 z Berestu, miejscowo\u015bci po\u0142o\u017conej w pobli\u017cu Krynicy. Obecnie mieszkaj\u0105 w Przemkowie na Dolnym l\u0105sku, gdzie w rodzinie Monczak\u00f3w 11 lutego 1958 roku urodzi\u0142a si\u0119 pani Maria. Artystka od 1982 r. mieszka we Wroc\u0142awiu. Uko\u0144czy\u0142a Akademi\u0119 Ekonomiczn\u0105, pracuje za\u015b jako nauczycielka dyplomowana technologii gastronomicznej w szkole dla dzieci specjalnej troski. Jest cz\u0142onkiem Stowarzyszenia Tw\u00f3rc\u00f3w Ludowych w Lublinie oraz Dolno\u015bl\u0105skiego Stowarzyszenia Artyst\u00f3w Plastyk\u00f3w we Wroc\u0142awiu. Nale\u017cy do nielicznych tw\u00f3rc\u00f3w na Dolnym \u015al\u0105sku, kt\u00f3rzy wykonuj\u0105 wielkanocne pisanki wed\u0142ug prastarych wzor\u00f3w huculskich. Malowania pisanek nauczy\u0142y pani\u0105 Mari\u0119 jej babcia, mama i ciocia ze strony ojca. Pi\u0119ciopokoleniow\u0105 tradycj\u0119 rodzinn\u0105 kontynuuj\u0105 r\u00f3wnie\u017c jej c\u00f3rki Marta i Aleksandra. Artystka jest laureatk\u0105 wielu konkurs\u00f3w i przegl\u0105d\u00f3w.Prace Marii Kieleczawy zdobi\u0105 sto\u0142y wielkanocne oraz kolekcje w USA, Kanadzie, Afryce, Niemczech, Francji, Ukrainie i&nbsp;innych krajach, znajduj\u0105 si\u0119 w zbiorach Muzeum Etnograficznego we Wroc\u0142awiu, Toruniu, Zielonej G\u00f3rze, Warszawie, Krakowie w jedynym w Polsce Muzeum Pisanki w Ciechanowcu, a&nbsp;tak\u017ce w&nbsp;Sakso\u0144skim Muzeum Sztuki Ludowej w Dre\u017anie, w Muzeum Pisanki w Ko\u0142omyi (Ukraina).<\/p>\n\n\n\n<p>Tw\u00f3rczo\u015b\u0107 Marii Kieleczawy wyros\u0142a z rodzimych tradycji \u0142emkowskich regionu krakowskiego i rzeszowskiego. Jako dziecko pilnie asystowa\u0142a mamie przy zdobieniu jaj. Prze\u0142omem w \u017cyciu tw\u00f3rczym artystki by\u0142a wystawa obejrzana w pa\u017adzierniku 1995 r. we&nbsp;Wroc\u0142awskim Ossolineum pt.: \u201ePokucie i Huculszczyzna&#8221;. Huculszczyzna (Karpaty Wschodnie i \u015arodkowe) przed wojn\u0105 stanowi\u0142a cz\u0119\u015b\u0107 Polski, nale\u017ca\u0142a do wojew\u00f3dztwa stanis\u0142awowskiego na Kresach Wschodnich, kt\u00f3re graniczy\u0142o ze S\u0142owacj\u0105, W\u0119grami i&nbsp;Rumuni\u0105. G\u00f3ry Karpaty s\u0105 ojczyzn\u0105 Hucu\u0142\u00f3w, g\u00f3rali, pasterzy, kt\u00f3rzy od wiosny do jesieni zajmuj\u0105 si\u0119 wypasem owiec, a zim\u0105 s\u0105 drwalami. Kobiety zajmuj\u0105 si\u0119 pracami domowymi i&nbsp;uprawiaj\u0105 w\u0142asn\u0105 sztuk\u0119 ludow\u0105: haftem ozdabiaj\u0105 koszule, r\u0119czniki, serwety, ceramik\u0119 i maluj\u0105 pisanki. Autork\u0119 szczeg\u00f3lnie zafascynowa\u0142y pisanki zdobione technik\u0105 batikow\u0105.<\/p>\n\n\n\n<p>Pisanki huculskie maj\u0105 swoisty kolor, bogat\u0105 ornamentyk\u0119, dzi\u0119ki czemu \u0142atwo odr\u00f3\u017cni\u0107 je od pisanek z&nbsp;innych region\u00f3w. Technika batikowa znana od X wieku polega na nak\u0142adaniu gor\u0105cego wosku na powierzchni\u0119 jajka. Spe\u0142nia on rol\u0119 izolatora powierzchni, chroni\u0105cego j\u0105 przed barwnikami. Miejsca pokryte woskiem nie s\u0105 barwione. Dominuj\u0105cymi kolorami w pisankach huculskich s\u0105: \u017c\u00f3\u0142\u0107, ziele\u0144, pomara\u0144cz, czerwie\u0144, czer\u0144. Wzory huculskie opieraj\u0105 si\u0119 przede wszystkim na uk\u0142adzie ornamentu pasowego zamkni\u0119tego, zbudowanego z prostych figur geometrycznych (tr\u00f3jk\u0105t, prostok\u0105t, ko\u0142o, romb, trapez).<\/p>\n\n\n\n<p>Jej prace wielokrotnie by\u0142y eksponowane we Wroc\u0142awiu w&nbsp;Muzeum Etnograficznym, w&nbsp;Galeriach: Dw\u00f3r Polski, S\u0142owa i Obrazu, w Klubie Muzyki i Literatury oraz na Targach Sztuki Ludowej w&nbsp;Kazimierzu Dolnym nad Wis\u0142\u0105 (2006, 2007, 2008 2009) oraz Mi\u0119dzynarodowym Festiwalu Folkloru Ziem G\u00f3rskich \u2013 Zakopane 2009, 2010, 2011. Jarmark Jagiello\u0144ski , Lublin 2010, 2012, 2013 oraz XXIII Forum Ekonomiczne-Krynica Zdr\u00f3j 2013.<\/p>\n\n\n\n<p>W latach 2000, 2001, 2002, 2003, 2004, 2005, 2006, 2007, 2008,&nbsp; autorka reprezentowa\u0142a Polsk\u0119 na Mi\u0119dzy\u00adnarodowych Wystawach \u2013 \u201eSztuce Pisanek\u201d, kt\u00f3re odby\u0142y si\u0119 w Kolonii w&nbsp;Niemczech.&nbsp;<\/p>\n\n\n\n<p>W latach 2000, 2001, 2002, 2003, 2004, 2005, 2006, 2007, 2008, 2009, 2010,2012&nbsp; autorka reprezentowa\u0142a Polsk\u0119 na Mi\u0119dzy\u00adnarodowych Wystawach&nbsp; w Dre\u017anie w Niemczech (Pa\u0142ac Kultury).<\/p>\n\n\n\n<p>W latach 2004, 2005, 2006, 2007, 2008, 2009, artystka reprezentowa\u0142a Polsk\u0119 w programie w&nbsp;Sakso\u0144skim Muzeum Sztuki Ludowej w Dre\u017anie (Niemcy).<\/p>\n\n\n\n<p>W 2004 r. artystka reprezentowa\u0142a Polsk\u0119 w Oslo (Norwegia), w \u201eCepeliadzie\u201d przed Olimpiad\u0105 Ateny (Grecja).<\/p>\n\n\n\n<p>W 2005 r. artystka reprezentowa\u0142a Polsk\u0119 w Seligenstadt (Niemcy), Dniach Krajskich Liberec (Czechy) i&nbsp;w&nbsp;III Mi\u0119dzynarodowym Festiwalu Jaj nad Balatonem Si\u00f3fok (W\u0119gry).<\/p>\n","protected":false},"excerpt":{"rendered":"<p>Rodzice Marii KIELECZAWY i&nbsp;ich przodkowie wywodz\u0105 si\u0119 z Berestu, miejscowo\u015bci po\u0142o\u017conej w pobli\u017cu Krynicy. Obecnie mieszkaj\u0105 w Przemkowie na Dolnym l\u0105sku, gdzie w rodzinie Monczak\u00f3w 11 lutego 1958 roku urodzi\u0142a si\u0119 pani Maria. Artystka od 1982 r. mieszka we Wroc\u0142awiu. Uko\u0144czy\u0142a Akademi\u0119 Ekonomiczn\u0105, pracuje za\u015b jako nauczycielka dyplomowana technologii gastronomicznej w szkole dla dzieci specjalnej&hellip;&nbsp;<a href=\"https:\/\/www.mariakieleczawa.pl\/index.php\/omnie\/\" rel=\"bookmark\">Dowiedz si\u0119 wi\u0119cej &raquo;<span class=\"screen-reader-text\">O mnie<\/span><\/a><\/p>\n","protected":false},"author":1,"featured_media":0,"parent":0,"menu_order":0,"comment_status":"closed","ping_status":"closed","template":"","meta":{"neve_meta_sidebar":"default","neve_meta_container":"default","neve_meta_enable_content_width":"on","neve_meta_content_width":100,"neve_meta_title_alignment":"","neve_meta_author_avatar":"","neve_post_elements_order":"","neve_meta_disable_header":"","neve_meta_disable_footer":"","neve_meta_disable_title":"on","_themeisle_gutenberg_block_has_review":false,"footnotes":""},"class_list":["post-61","page","type-page","status-publish","hentry"],"_links":{"self":[{"href":"https:\/\/www.mariakieleczawa.pl\/index.php\/wp-json\/wp\/v2\/pages\/61","targetHints":{"allow":["GET"]}}],"collection":[{"href":"https:\/\/www.mariakieleczawa.pl\/index.php\/wp-json\/wp\/v2\/pages"}],"about":[{"href":"https:\/\/www.mariakieleczawa.pl\/index.php\/wp-json\/wp\/v2\/types\/page"}],"author":[{"embeddable":true,"href":"https:\/\/www.mariakieleczawa.pl\/index.php\/wp-json\/wp\/v2\/users\/1"}],"replies":[{"embeddable":true,"href":"https:\/\/www.mariakieleczawa.pl\/index.php\/wp-json\/wp\/v2\/comments?post=61"}],"version-history":[{"count":1,"href":"https:\/\/www.mariakieleczawa.pl\/index.php\/wp-json\/wp\/v2\/pages\/61\/revisions"}],"predecessor-version":[{"id":656,"href":"https:\/\/www.mariakieleczawa.pl\/index.php\/wp-json\/wp\/v2\/pages\/61\/revisions\/656"}],"wp:attachment":[{"href":"https:\/\/www.mariakieleczawa.pl\/index.php\/wp-json\/wp\/v2\/media?parent=61"}],"curies":[{"name":"wp","href":"https:\/\/api.w.org\/{rel}","templated":true}]}}